 = 2421 - n. Is b prime?
True
Let r = -294 - -301. Suppose -c + v = -21869, 8*c = r*c + 4*v + 21881. Is c prime?
False
Let o(g) = 28 - 79 + 14*g**2 + 34 + 2*g**2 + 28*g. Is o(9) composite?
False
Let x(f) = -180 + 379 + 6*f**2 - 5*f + f**2 - 184. Let l = -18 - -5. Is x(l) composite?
True
Let z(c) = 14*c**2 - 65*c + 404. Let y be z(5). Let v be 1/(-3) + (-2)/(-6). Suppose j - s - y = v, j - 4*s = 6*j - 2163. Is j a prime number?
True
Let m = -93 + 161. Let i = m + 1625. Is i prime?
True
Let f be 96/(-36)*(-4 - -1)*1. Suppose -5*g = -4*m - 1254, 0 = -f*g + 3*g + 3*m + 1258. Is g prime?
False
Is (8 - 7)*(-35 - -66678) a prime number?
True
Let q be ((-36)/15)/(12/(-280)). Is -1324*-4*7/q a prime number?
False
Suppose 3*t - 1099 = -4*v, 377 = -3*t + 4*t - 4*v. Suppose 7*w - t + 54 = 0. Let k = w - -74. Is k a composite number?
True
Let n = 2637 - 1733. Suppose -3*u + 11*u = n. Suppose -4*z = -5*z + u. Is z prime?
True
Let l(a) = -3242*a - 1405. Is l(-112) a composite number?
True
Let m = 15373 - 8090. Is m prime?
True
Let b(j) = 65*j - 108. Let p be b(2). Is (2/(12/(-813)))/(p/(-2068)) prime?
False
Suppose 3*f + 7 = 49. Let m = -544 - -1220. Suppose -f*l + m = -10*l. Is l prime?
False
Suppose 6*r - 7*r = -23. Suppose -r = -3*g + 5*w, 5*w = -2*g + 3*g - 1. Is g*5/(-10)*-38 a composite number?
True
Let u = -6922 - -24586. Suppose -166 = 26*c - u. Is c prime?
True
Let d(k) = -199*k**3 - 5*k**2 + 8*k - 1. Is d(-5) composite?
False
Is 88/(-1012) + 17114835/69 composite?
False
Let r = -1198407 + 2012084. Is r composite?
False
Let g(u) be the first derivative of 3*u**4 - u**3/3 + u**2/2 - 3*u + 1. Let z(d) = d**3 - 2*d**2 - 13*d + 24. Let p be z(4). Is g(p) a composite number?
True
Let t(p) = 29*p**2 - 5*p + 61. Let z(q) = -9*q + 102. Let r be z(10). Is t(r) composite?
False
Let a(j) = 2*j**2 - 3*j + 23. Let w(o) = 3*o**2 - 4*o + 22. Let f(b) = -2*a(b) + 3*w(b). Let c(l) be the first derivative of f(l). Is c(2) a composite number?
True
Suppose -144*w + 23181 - 268 = -35695. Let l = -2795 - -1865. Let r = w - l. Is r a composite number?
True
Suppose 18*y = 19*y + 1034. Let u = y + 1647. Is u prime?
True
Suppose -28128 = -4*m + 5412. Suppose -4*k - m = -g, -3*k = 12 - 0. Is g composite?
False
Suppose 2*n - 102300 = -f, -4*n - 5*f + 165575 = -39019. Is n composite?
False
Let z = 4853 - 10795. Let g = z - -22671. Is g prime?
True
Suppose -5*r + 36*n - 32*n + 773065 = 0, 0 = r + 3*n - 154613. Is r a composite number?
False
Let o = -62759 - -89902. Is o a prime number?
True
Is (10 - 15/6 - (-7 - 0))*112394 composite?
True
Let q = -1137953 + 1636170. Is q a composite number?
True
Let g(u) = -u**3 + 15*u**2 + 16*u - 6. Let d be g(16). Is ((-20)/10)/(d/20247) a composite number?
True
Let v(r) = 91*r**2 + 4*r + 16. Suppose -4*l = -8, 0 = 4*b - 2*l + 7 + 17. Is v(b) composite?
True
Let c = 20 - 20. Suppose -4*n + 2*n = 0. Suppose c = -n*b + 5*b - 16475. Is b a composite number?
True
Let r(f) = -3*f - 23. Let s be r(-9). Suppose s*l = 3*u - 529 - 149, 213 = u + 3*l. Suppose -204 = -3*j + u. Is j a composite number?
True
Is (-22)/(-44)*(1 - 2)*-66718 prime?
True
Let f be ((-3)/9)/(10/(-150)). Suppose 0 = -f*n + 1076 + 1429. Is n a prime number?
False
Let g = 829544 + -343665. Is g prime?
False
Let n(o) = -290*o + 5873. Is n(-75) a composite number?
True
Suppose 0 = 21*a - 17*a - 4. Let y be (-58 - -9) + -2 + a. Is y/40*106*-2 prime?
False
Is 7/3332*68 + ((-147768)/(-14))/1 a prime number?
False
Let v(j) = -93*j - 154*j + 366*j + 27. Is v(16) composite?
False
Let d(k) = 42 - 1 + 30 - 34*k. Is d(-12) prime?
True
Let k(q) = 17*q + 8. Let a be k(2). Suppose -o - 2*x + 991 = a, -2*o - 5*x = -1897. Is o prime?
False
Suppose 48694 = -29*h - 356987. Let y = 19970 + h. Is y prime?
True
Suppose -37 = -h - 1. Suppose v = 4*v - h. Is -3 + v/3 - -1030 a prime number?
True
Suppose 0*t - 3 = -t. Suppose 0 = -3*m + t, 3*l = -2*m - 6 + 2. Let n = l + 9. Is n a prime number?
True
Let z be -2*(5228/(-8) + 4). Suppose 3*k - 621 = z. Suppose -2*a + 118 = -k. Is a a composite number?
False
Let b(r) = 58*r**3 + 2*r**2 + 4*r - 13. Let u be b(4). Suppose -k + u = 5*d, -11517 = -4*k + 3*d + 3471. Is k a prime number?
False
Let h(l) = -131*l - 196. Is h(-25) prime?
True
Suppose 4*h + 5*j = 33, 5*h = -0*h + j + 5. Suppose -d = -0*i - 3*i + 11, 3*i - h*d = 10. Let m(z) = 60*z + 7. Is m(i) composite?
True
Suppose -38 = -z - 44. Let c be (-90)/12*1528/z. Is 1/(-2*(-5)/c) composite?
False
Let i(c) = -22*c**3 - 230*c**2 + 33*c - 61. Is i(-18) prime?
True
Suppose 42*w + 6379061 = 128*w + 1800507. Is w prime?
True
Let w = 624183 + -386496. Is w a prime number?
False
Suppose 5*p - 4*r = r + 36410, -p - r + 7286 = 0. Is 1/((-50984)/p + 7) composite?
True
Is 10102/6*4026/122 a composite number?
True
Suppose 45*o = 51*o - 317244. Is (-7)/28 + o/8 a composite number?
True
Suppose 3*y - 2278481 = o, o + 1518990 = 42*y - 40*y. Is y composite?
False
Let r(a) = -32*a - 5. Let l be r(1). Let n = -40 - l. Is (-42)/n*508/8 prime?
False
Let w = 86 - 77. Let i be -9*((-30)/w)/5. Suppose -g + 4 + i = 0. Is g prime?
False
Suppose 5*s = -4*x + 44312, 15284 = 3*x + 5*s - 17955. Let w = -5986 + x. Is w a prime number?
True
Let k(c) = 466*c**2 - 2*c + 1. Let f = 3 + 0. Is k(f) prime?
False
Suppose -5*r + 298659 = v, -39*r + 44*r = -2*v + 597328. Is v a composite number?
True
Let k(v) = 2002*v - 82. Let l be k(3). Suppose -2*s - 5 = -29. Suppose 8*d + l = s*d. Is d a composite number?
False
Let d(m) = 1154*m**2 + 39*m - 1066. Is d(23) a prime number?
False
Let f = 62 - 14. Suppose -3*y = -7*y - 12, 0 = -4*l - 4*y + f. Is 1970 + (-20)/(-4)*9/l a composite number?
False
Let s = 444 + -434. Let c(j) = 477*j - 29. Is c(s) a prime number?
False
Let r be 22/8*(4 + -2 - 34). Let t = 215 + r. Is t a composite number?
False
Is (4 - ((-9124)/12 - 3))*1725/50 a composite number?
True
Let q(s) = -17*s**3 - 2*s**2 - 13*s - 17. Let b(y) = 19*y**3 + 2*y**2 + 13*y + 17. Let k(f) = 2*b(f) + 3*q(f). Is k(-6) a composite number?
False
Let j = 139020 - 72011. Is j composite?
True
Let g(a) = 58488*a - 65. Is g(1) a composite number?
True
Suppose 5*m + 3 = q, -5*q - 2 - 4 = -4*m. Let z be (q - 8) + 5 - 5. Is (-2)/9 + 8949*z/(-54) a composite number?
False
Suppose 77*w - 73*w - 8 = 0, b + 4*w - 213721 = 0. Is b prime?
True
Let b(t) = -2*t**2 + 66*t + 73. Let q be b(34). Suppose 5*j + 6285 = q*k, -5*k + 6291 = -17*j + 15*j. Is k a composite number?
False
Let b(q) = 1944*q**3 - 12*q**2 + 3*q - 2. Is b(5) prime?
True
Is 8/((-24)/(-368937))*((-2)/(-6))/1 a prime number?
True
Suppose -u + 87 = -5*z, -4*u = 3*z - 2*u + 60. Let j(o) = 3*o + 59. Let d be j(z). Suppose 3*n + 2150 = 4*n + d*y, -3*n + 4*y + 6469 = 0. Is n composite?
True
Let w = -82 + 89. Suppose -4*t + 5*h + 4551 = 0, -w*h + 5*h = -2. Is t a prime number?
False
Suppose -2*p - 3*k = -7*k - 15342, -5*k - 15343 = -2*p. Is p prime?
True
Let x(q) = -35241*q + 575. Is x(-2) prime?
False
Let h = -5125 + 5192. Is h composite?
False
Let s be (12/(-15))/(4/(-23360)). Let y(q) = -26*q + 337. Let j be y(-30). Suppose -9*x + s = j. Is x a composite number?
True
Is ((-57881)/(-9))/(9/81) prime?
True
Let j(b) = -64*b - 1. Is j(-17) prime?
True
Let o = 200 + -196. Is (o + -2)*19523/14 a composite number?
False
Is (-10 + (-12 - 207/(-9)))*2557*61 a composite number?
True
Let r(j) = -2498*j - 117. Let n be r(-8). Let u = n - 10349. Is u a prime number?
False
Let s(w) = 3*w + 24. Let x be s(-8). Suppose -3588 = 3*c - x*d + d, 4*d = 3*c + 3573. Let z = c - -2058. Is z a composite number?
False
Suppose 0 = -21*c + 13*c + 144856. Let s = c - 12744. Is s a prime number?
False
Let t(b) = -818*b**3 + 9*b**2 + 39*b + 157. Is t(-5) composite?
False
Suppose 11*u = 13*u. Suppose u = 2*l - 4*l + 5*m + 47, 4*l = -3*m + 29. Suppose -16*t + l*t = -2555. Is t a prime number?
False
Suppose -3*i + 6 = -3. Let m(h) = 3*h**2 - 7*h + 4. Let d be m(i). Is (-12)/(-20) - (-144)/d composite?
True
Is 96/(-1584) + 266/33 + (-159483)/(-1) a prime number?
True
Let y(v) = 483*v**2 + 80*v - 1667. Is y(20) composite?
False
Let z be 8*(1 + 3/(-6)). Suppose 0 = -z*m - 3 - 1. Is (674/4)/(m/(-10)) a composite number?
True
Is 4/(36/135) - -490 a prime number?
False
Let k(m) = 3*m**2 + 2*m - 14. Let t be k(12). Suppose 0 = -6*h + 8542 - t.